are the prime factors of 272007055?
5, 17, 509, 6287
List the prime factors of 63906054.
2, 3, 3169, 3361
List the prime factors of 4826609267.
15641, 308587
List the prime factors of 18319166.
2, 17, 538799
What are the prime factors of 1881606739?
29, 257, 252463
List the prime factors of 288328333.
288328333
List the prime factors of 1262898691.
43, 1487, 19751
What are the prime factors of 64388708?
2, 16097177
What are the prime factors of 342050704?
2, 2179, 9811
What are the prime factors of 1413252605?
5, 282650521
What are the prime factors of 840664576?
2, 19, 103, 839
What are the prime factors of 5755302?
2, 3, 7, 45677
What are the prime factors of 46383087?
3, 15461029
What are the prime factors of 19523114?
2, 13, 617, 1217
What are the prime factors of 122736855?
3, 5, 17, 23, 1231
What are the prime factors of 2747672471?
61, 3797, 11863
What are the prime factors of 681295245?
3, 5, 37, 1227559
List the prime factors of 316012253.
239, 1322227
List the prime factors of 5706957207.
3, 7, 271759867
What are the prime factors of 1486009279?
1486009279
List the prime factors of 143760782.
2, 11, 43, 151967
What are the prime factors of 599757346?
2, 37, 8104829
What are the prime factors of 163412473?
7, 61, 109, 3511
What are the prime factors of 9585076?
2, 17, 31, 4547
List the prime factors of 35021194.
2, 13, 103613
What are the prime factors of 4017520341?
3, 19, 41, 573031
What are the prime factors of 180309894?
2, 3, 30051649
What are the prime factors of 98420576?
2, 53, 58031
What are the prime factors of 1738656271?
11, 158059661
What are the prime factors of 1660881789?
3, 7, 19, 37, 37501
List the prime factors of 4906858292.
2, 7, 12917, 13567
List the prime factors of 1651870254.
2, 3, 37, 7440857
List the prime factors of 126327366.
2, 3, 11, 101, 6317
List the prime factors of 928510832.
2, 109, 532403
What are the prime factors of 85351558?
2, 379, 112601
List the prime factors of 119282633.
61, 577, 3389
List the prime factors of 571295925.
3, 5, 2539093
List the prime factors of 35553904.
2, 127, 17497
What are the prime factors of 152557677?
3, 17, 997109
List the prime factors of 152757442.
2, 29, 2633749
What are the prime factors of 164405399?
71, 79, 29311
List the prime factors of 137024200.
2, 5, 19, 107, 337
What are the prime factors of 684592104?
2, 3, 7, 59, 69067
What are the prime factors of 113443334?
2, 463, 122509
What are the prime factors of 170717555?
5, 34143511
What are the prime factors of 150540017?
911, 165247
List the prime factors of 157496029.
67, 2350687
List the prime factors of 87129026.
2, 659, 66107
What are the prime factors of 978081015?
3, 5, 61, 1068941
What are the prime factors of 34958274?
2, 3, 13, 127, 3529
List the prime factors of 938602573.
938602573
List the prime factors of 8804553.
3, 683, 4297
List the prime factors of 249603984.
2, 3, 7, 59, 1399
What are the prime factors of 245215474?
2, 7, 29, 157, 3847
What are the prime factors of 6740118059?
67, 100598777
List the prime factors of 5948893665.
3, 5, 11, 13, 308153
List the prime factors of 63967693.
131, 488303
What are the prime factors of 5681583026?
2, 7, 37, 223843
What are the prime factors of 47706398?
2, 23853199
What are the prime factors of 24576396?
2, 3, 13, 257, 613
List the prime factors of 40232605.
5, 7, 1149503
What are the prime factors of 1839665319?
3, 17, 36071869
List the prime factors of 1845108711.
3, 37, 59, 93913
What are the prime factors of 96425460?
2, 3, 5, 535697
What are the prime factors of 76227650?
2, 5, 643, 2371
What are the prime factors of 579073336?
2, 19, 53, 71881
What are the prime factors of 4875211003?
13, 375016231
List the prime factors of 2620697912.
2, 7, 271, 172687
List the prime factors of 4857449960.
2, 5, 11, 11039659
What are the prime factors of 493661467?
13, 1409, 26951
What are the prime factors of 70244142?
2, 3, 11707357
What are the prime factors of 325717935?
3, 5, 21714529
List the prime factors of 588377942.
2, 283, 1039537
What are the prime factors of 161747106?
2, 3, 26957851
List the prime factors of 51990786.
2, 3, 229, 12613
What are the prime factors of 195573876?
2, 3, 23, 708601
List the prime factors of 80658987.
3, 4297, 6257
What are the prime factors of 9465930?
2, 3, 5, 35059
List the prime factors of 369907497.
3, 359, 114487
What are the prime factors of 52971318?
2, 3, 241, 12211
List the prime factors of 299146602.
2, 3, 19, 23, 271, 421
List the prime factors of 278042663.
12037, 23099
What are the prime factors of 851839715?
5, 37, 124447
What are the prime factors of 1800624958?
2, 11, 281, 26479
What are the prime factors of 506439654?
2, 3, 7, 101, 277, 431
List the prime factors of 173665091.
173665091
What are the prime factors of 6099165834?
2, 3, 541, 1878979
List the prime factors of 20603593.
73, 282241
What are the prime factors of 1043898607?
13099, 79693
List the prime factors of 1138779642.
2, 3, 7, 11, 13, 1567
List the prime factors of 420282831.
3, 19, 89, 82847
What are the prime factors of 137052000?
2, 3, 5, 47
List the prime factors of 179521468.
2, 7, 1993, 3217
What are the prime factors of 49712556?
2, 3, 17, 197, 1237
List the prime factors of 87788646.
2, 3, 11, 17, 2371
List the prime factors of 1126720696.
2, 17, 821, 10091
What are the prime factors of 195279791?
7, 607, 45959
List the prime factors of 877206230.
2, 5, 61, 193, 7451
What are the prime factors of 166400577?
3, 7, 2641279
What are the prime factors of 10153479?
3, 7, 483499
List the prime factors of 501321365.
5, 19, 461, 11447
List the prime factors of 60259355.
5, 13, 19, 59, 827
List the prime factors of 52795488.
2, 3, 23, 23911
What are the prime factors of 3694722189?
3, 1231574063
List the prime factors of 31357755.
3, 5, 11, 13, 443
What are the prime factors of 429988228?
2, 31, 3467647
What are the prime factors of 3698762854?
2, 47, 837203
List the prime factors of 212240151.
3, 491, 48029
What are the prime factors of 2983698888?
2, 3, 71, 137, 12781
List the prime factors of 355205473.
7, 50743639
List the prime factors of 300613938.
2, 3, 50102323
What are the prime factors of 983580593?
983580593
What are the prime factors of 1819901642?
2, 13, 43, 1627819
List the prime factors of 6044506144.
2, 79, 2391023
List the prime factors of 659770329.
3, 29, 7583567
List the prime factors of 8206503.
3, 2735501
What are the prime factors of 78987231?
3, 975151
What are the prime factors of 112396424?
2, 7, 2007079
List the prime factors of 304219553.
11, 2069, 13367
What are the prime factors of 35402628?
2, 3, 281, 10499
What are the prime factors of 779069197?
779069197
List the prime factors of 428052204.
2, 3, 11890339
What are the prime factors of 73020664?
2, 9127583
List the prime factors of 328567695.
3, 5, 151, 145063
List the prime factors of 49477985.
5, 719, 13763
List the prime factors of 1471023006.
2, 3, 23, 10659587
What are the prime factors of 15060073?
7, 37, 58147
What are the prime factors of 403076339?
521, 773659
List the prime factors of 182677689.
3, 127, 181, 883
What are the prime factors of 1879993671?
3, 17, 36862621
What are the prime factors of 55341697?
55341697
List the prime factors of 465566246.
2, 31, 43, 174631
What are the prime factors of 962603606?
2, 67, 7183609
List the prime factors of 76404258.
2, 3, 7, 606383
List the prime factors of 1858540007.
37, 5059, 9929
What are the prime factors of 1045330885?
5, 19, 11003483
List the prime factors of 202254160.
2, 5, 47, 53791
List the prime factors of 1159470182.
2, 13, 137, 163, 1997
List the prime factors of 1902862878.
2, 3, 7, 45306259
What are the prime factors of 1921638282?
2, 3, 17, 449, 41959
List the prime factors of 2467363089.
3, 47, 17499029
List the prime factors of 7122875733.
3, 791430637
List the prime factors of 4006935599.
2011, 1992509
List the prime factors of 131790176.
2, 7, 31, 18979
What are the prime factors of 1810276172?
2, 452569043
What are the prime factors of 1272494577?
3, 157, 2701687
What are the prime factors of 2385191377?
227, 10507451
List the prime factors of 12170477.
11, 1106407
What are the prime factors of 89204372?
2, 17, 1311829
What are the prime factors of 1118776182?
2, 3, 186462697